-3 + 1 + 3). Let l(d) = d**3 - 3*d**2 - 7. Calculate the remainder when (t + -2)*-54 + (-6)/2 is divided by l(4).
6
Suppose -22*j + 101682 = -187794. What is the remainder when j is divided by 70?
68
Let t = -2808 + 2897. What is the remainder when 3199 is divided by t?
84
Suppose -43 = -5*m + 4*m. Calculate the remainder when m is divided by ((-3)/((-30)/(-4)))/((-111)/6660).
19
Let q(r) = 6*r**2 + 26*r + 31. Let d be 304/38 + -15 + 1. What is the remainder when q(d) is divided by 31?
29
Suppose -2*p - 3*b + 7 = 0, -4*p + 5*b + 43 - 62 = 0. What is the remainder when 249 is divided by (216/(-144))/(((-2)/(-24))/p)?
15
Let r = 6098 + -5104. Calculate the remainder when r is divided by 166.
164
Let y = 13 - 6. Suppose -5*m + 24 = d, -2*m - y = -15. Calculate the remainder when (-1)/(-3 + (-33)/(-12)) is divided by d.
0
Calculate the remainder when 115885/88 + 5 + (-4 - (-28)/(-32)) is divided by 96.
69
Suppose 4 = y, -2*y + 4*y = 4*d. Suppose d*n = 3*u - u - 68, -5*u + 170 = -3*n. Let q = u - 23. Calculate the remainder when q is divided by 5.
1
Suppose 0 = 20*l - 100 + 20. Suppose -r = l*r - 40. Calculate the remainder when 23 is divided by r.
7
Suppose 2*m = -2*o + 46, 0*m + 65 = 3*o - m. Suppose o + 3 = d. What is the remainder when d is divided by (-2)/8 + (-171)/(-12)?
11
Suppose 2*z + 4 = -2*l, 0 = 2*z + 7 + 3. Suppose l*v + 4*w = 431, 3*w - 426 = -3*v - 0*w. Calculate the remainder when v is divided by 47.
43
Let w be 3172/(-28) - -2 - (-10)/35. Let v = 136 + w. Calculate the remainder when 41 is divided by v.
16
Calculate the remainder when 442 is divided by 22/4 - (-6)/((-384)/(-32)).
4
Let t(h) = 2*h - 27. What is the remainder when 2950 is divided by t(20)?
12
Let m be (12/8)/(-1*1/(-6)). Let j = m + -6. Suppose 0*l = 3*y - 3*l - 15, j*y + l - 15 = 0. Calculate the remainder when 9 is divided by y.
4
Suppose -2199*f + 2109*f + 5130 = 0. Calculate the remainder when f is divided by (-208)/(-7) + 4/14.
27
Let t(v) = v**2 + 10*v + 19. Let x be t(-8). Suppose -x*j = -w + 173, 5*w - j = w + 714. What is the remainder when w is divided by 31?
24
Let c = 49 + -46. Suppose 2*y = -2*m - 98, c*m + 165 = -0*y + 3*y. Let o = m - -116. What is the remainder when o is divided by 22?
20
Calculate the remainder when 182 is divided by -6*(2 - 3) - (-4902)/57.
90
Let i(h) = 78*h - 7133. Calculate the remainder when i(104) is divided by 975.
4
Let d(n) = -12*n - 24. Suppose 0 = 3*v - 5*c + 4, 2*v + v = 2*c - 7. Calculate the remainder when 41 is divided by d(v).
5
Suppose -1876*x + 1875*x = -2*w + 3115, 0 = x + 5. What is the remainder when w is divided by 103?
10
Let r(v) = v**3 - 21*v**2 + 3*v + 39. Let p be r(21). What is the remainder when 57 is divided by (-34)/p + 1 + 88/3?
27
Suppose -769 = 5*z - 2*c - 1145, 92 = z + 2*c. Let s be (5 - -2)/1*-3. Calculate the remainder when z is divided by (-8)/(1 + s/15).
18
Suppose r + 92 = 3*n, -3*n - 6*r + 35 = -43. Suppose 0 = -l + 11 - 0. What is the remainder when n is divided by l?
8
Let s(k) = 2*k - 16. Let r be s(7). Let f be (-3 + (r - -3))/((-3)/147). Suppose 13*t = 14*t - f. Calculate the remainder when t is divided by 33.
32
Let j = 95 - -35. Suppose 5*f = -3*s + 260, -2*f + j = -5*s - 5. Let m = 35 - 20. What is the remainder when f is divided by m?
10
Suppose -53*r + 36*r + 272 = 0. Calculate the remainder when 799 is divided by r.
15
Suppose 0 = -c + 2*q + 45, -2*q = -14*c + 9*c + 241. Calculate the remainder when (-12)/(-22) + (-9290)/(-110) is divided by c.
36
Suppose -93 = i - 4*h, 3*h = 4*i + 8*h + 351. Let b = i - -83. Let q(y) = y + 24. Calculate the remainder when q(b) is divided by 5.
3
Suppose -2 = 3*v + 1, -4*u + 5*v = -21. Let d be (-2 - -10)*(-322)/u. Calculate the remainder when 89 is divided by (-3)/(7/(d/12)).
20
Let a = 6462 - 6441. What is the remainder when (61 - 2) + 0 + -4 is divided by a?
13
Calculate the remainder when 224 is divided by ((6 + 62/(-8))*2)/((-14)/56).
0
What is the remainder when ((-4135)/55)/((-14)/154) is divided by 261?
44
Let v = 5280 - 3491. What is the remainder when v is divided by 14?
11
Suppose -7*z - s + 7 = -2*z, 5*s = -5*z + 15. What is the remainder when (z/(4/6))/((-27)/(-2412)) is divided by 34?
32
Calculate the remainder when 4 + 2 + -2 + 88 is divided by 57 + -57 + 63/6*(4 + -2).
8
Suppose 0 = 12*n - 73 + 13. Suppose -439 = -n*v - 84. Calculate the remainder when v is divided by 37.
34
Calculate the remainder when (-154226781)/(-9234) - 2/36 is divided by 48.
46
Suppose -2*c + 2078 = -2*q, 93 - 75 = 3*q. Calculate the remainder when c is divided by 290.
175
Let a(s) = s**3 - 136*s**2 - 8*s + 2051. Calculate the remainder when 3879 is divided by a(136).
27
Let n(d) = -73*d + 6. Let y be n(-3). Suppose -6*o + 591 = -y. Suppose -o - 39 = -5*f. What is the remainder when f is divided by 9?
8
Let f = 8485 + -8350. What is the remainder when f is divided by 20?
15
Suppose -3*q - 7*q + 26*q = 90000. Calculate the remainder when q is divided by 268.
265
Let h = -11138 + 11171. Calculate the remainder when 5378 is divided by h.
32
Suppose 553 - 3037 = -108*i. Calculate the remainder when 252 is divided by i.
22
Let s be (413 - -1)*(-12)/(-8). Suppose -3*h + s + 399 = 0. Calculate the remainder when h is divided by 7.
4
Let w = 86 + -18. Let d = w - 67. What is the remainder when 12/d*(0 - -2) is divided by 7?
3
Suppose -i - 191 = -5*r, -3*r - i + 109 = 4*i. Suppose 15 = f - r. What is the remainder when f is divided by 23?
7
What is the remainder when (11*(-350)/(-308))/((-1)/(-62)) is divided by 20?
15
Suppose 5*d = -3*l + 1987 - 624, 0 = -l + d + 449. Calculate the remainder when 3174 is divided by l.
17
Suppose 319*d - 360*d = -6355. What is the remainder when 463 is divided by d?
153
Suppose -3*v = -2*v + 5*q - 35, 3*q - 70 = -2*v. Let n = 380 - v. What is the remainder when (-2)/5*(0 - n)/3 is divided by 13?
7
Let o = 521 + -913. Let k = -387 - o. What is the remainder when 34 is divided by k?
4
Suppose -3*x + 13 = -272. Suppose -88 = -22*a + 638. Calculate the remainder when x is divided by a.
29
Suppose 0 = 3*k + 15, -4*g + 15 = -5*k - 34. What is the remainder when 85 is divided by g?
1
Let s(f) = f**2 - 15*f + 8. Let p be s(13). Let o be p*((-264)/(-18))/4. Calculate the remainder when 32 is divided by (o/(-18))/((8/(-6))/(-4)).
10
Let c(g) be the third derivative of g**4/12 + 5*g**3/6 + 15*g**2. Suppose -l = -5*y + 100, -y + 8 = 4*l - 12. Calculate the remainder when y is divided by c(3).
9
Let y(v) = 94*v - 332. Let d be y(8). Suppose d = 4*n + 11*n. What is the remainder when 950 is divided by n?
26
Let p(l) = 8*l - 180. Let t be (6 + 336/(-35))/(6/(-40)). Calculate the remainder when 78 is divided by p(t).
6
Let k(b) = b**2 + 13*b - 48. Let l be k(-16). What is the remainder when (24 - l)*(-6 - 62/(-8)) is divided by 4?
2
Let p(o) = -o**2 + 40*o - 386. What is the remainder when 1018 is divided by p(20)?
10
Let g = 43 + -25. Let i be -3 + 114717/g - (-5)/(-30). Calculate the remainder when 1/(-3) - (i/(-21))/10 is divided by 3.
0
Suppose -14*a - 5*u = -11*a - 1000, 5*a = 5*u + 1720. Calculate the remainder when a is divided by 44.
32
Let x = -1234 - 590. Let r = 1895 + x. Let h = 27 + -15. What is the remainder when r is divided by h?
11
Suppose -108 = -8*f - 19*f. Let y(o) = o. Let s be y(4). Calculate the remainder when (83 + 1)/s - -1 is divided by f.
2
Let r(s) = 304*s - 628. What is the remainder when 932 is divided by r(3)?
80
Let l(v) = 24*v**2 + 4*v + 20. Let b be l(8). Calculate the remainder when 157 is divided by b/40 + (-18)/(-60).
37
Suppose 10*x = -130*x - 17*x + 36895. What is the remainder when 913 is divided by x?
208
Let w = -56 + 48. Calculate the remainder when 57 is divided by (-2 - -3)*(-160)/w.
17
Suppose 4*r - 5*r - 5*p + 14 = 0, -4*p = -3*r + 23. Let a be (r/(-6) + 1)*142. Let b = a - -96. What is the remainder when 95 is divided by b?
20
Calculate the remainder when 2155 is divided by (-1)/17 + (-12 - (-23475)/255).
75
Suppose 0*a = -7*a + 21. Suppose 3*f - 183 = -4*t - 2*f, 132 = a*t + 2*f. Calculate the remainder when 164 is divided by t.
38
Let s be (4/(-10))/(12/(-150)). Suppose 3*d - 5*l = -8*l + 45, 0 = 3*d - s*l - 45. What is the remainder when 21 is divided by d?
6
Let d = -99 - -101. Suppose 0*l + 7